hat is -2400 - 224?
-2624
In base 14, what is bd - 318?
-239
In base 4, what is 11 + -11312323?
-11312312
In base 7, what is 3010 + 1?
3011
In base 16, what is -de - -13?
-cb
In base 12, what is 5254 + 5?
5259
In base 9, what is 13134 - -5?
13140
In base 9, what is -73 - 15766?
-15850
In base 10, what is 2 - 233771?
-233769
In base 14, what is -9664 - 3?
-9667
In base 16, what is -3 - -1147b?
11478
In base 9, what is -1 + 68548?
68547
In base 5, what is 13012243 + -3?
13012240
In base 3, what is 10012021021 + 12?
10012021110
In base 13, what is -8 - 1113?
-111b
In base 12, what is 238 + 1251?
1489
In base 16, what is -524 + 321?
-203
In base 9, what is 263 - -1152?
1425
In base 15, what is 3d + 952?
990
In base 11, what is -4000 + 9?
-3aa2
In base 6, what is 14 + -1142041?
-1142023
In base 15, what is a3a9 + -3a?
a36e
In base 14, what is 92 + -2583?
-24d1
In base 8, what is -3021 - -15?
-3004
In base 2, what is 11111 - 1101010001?
-1100110010
In base 5, what is 133 - -120?
303
In base 3, what is 2 + -221001?
-220222
In base 4, what is -2 - -3220331?
3220323
In base 4, what is 1112122001 + 1?
1112122002
In base 13, what is -6 + -8c0?
-8c6
In base 13, what is -aa7c2 + -2?
-aa7c4
In base 10, what is -1406925 + 0?
-1406925
In base 15, what is -1574e + 4?
-1574a
In base 12, what is -48 - 2b75?
-3001
In base 7, what is -1 - -443264?
443263
In base 10, what is 5 - -617560?
617565
In base 15, what is -3 - 8315?
-8318
In base 14, what is -1270 + -20b?
-147b
In base 2, what is 101010111 + -10001100111?
-1100010000
In base 3, what is 10000012 + 111?
10000200
In base 5, what is -131 - -1210124?
1204443
In base 5, what is 2134134 - -3?
2134142
In base 8, what is -21353 - -1?
-21352
In base 2, what is -10100011 + -10000000?
-100100011
In base 7, what is 63 - -20634?
21030
In base 15, what is -3b6 - -e?
-3a7
In base 16, what is 55f6 - -7?
55fd
In base 9, what is -44 - -26018?
25864
In base 15, what is -2911b6 - 2?
-2911b8
In base 15, what is -2 + -12dd1a?
-12dd1c
In base 2, what is 11101011001 + -110010100?
10111000101
In base 2, what is 10110 + 10011001011101?
10011001110011
In base 11, what is -1 - -aa3?
aa2
In base 16, what is 9 - -9d4?
9dd
In base 5, what is 332 - -32433?
33320
In base 16, what is 7d2 - -6?
7d8
In base 9, what is -477163 - 4?
-477167
In base 14, what is 26d3a - -3?
26d3d
In base 5, what is 10 + 131?
141
In base 3, what is -2011022 - -10?
-2011012
In base 11, what is 14 - 75027?
-75013
In base 6, what is -4013330 - -13?
-4013313
In base 5, what is -430111342 + 3?
-430111334
In base 11, what is 3 - -279291?
279294
In base 13, what is 540a + -62?
5378
In base 6, what is 224123 - 52?
224031
In base 16, what is af9 + 55?
b4e
In base 9, what is -36 + -2038?
-2075
In base 5, what is -11224 + -2?
-11231
In base 6, what is 32 + 5245?
5321
In base 5, what is -100002 + -2401?
-102403
In base 8, what is -25130 + 73?
-25035
In base 12, what is 15 + 54a29?
54a42
In base 2, what is -10001101 - 1111001?
-100000110
In base 3, what is 1201002020 - -12?
1201002102
In base 6, what is 335 - 101?
234
In base 3, what is 1000211022 - -12?
1000211111
In base 5, what is 302421 - -2?
302423
In base 2, what is 1010011111 + 11000?
1010110111
In base 2, what is 110011010 - 10111011?
11011111
In base 6, what is 1144 - -4351?
5535
In base 8, what is -12123 + 112?
-12011
In base 11, what is 5622 + -22?
5600
In base 3, what is -1 + -10100000011?
-10100000012
In base 16, what is -1349 + 31?
-1318
In base 11, what is 109 - -609a?
61a8
In base 6, what is -150430203 - 2?
-150430205
In base 13, what is 19 - -1833?
184c
In base 5, what is 133 - -31343?
32031
In base 6, what is 222 + -2045?
-1423
In base 11, what is 2 + 366207?
366209
In base 15, what is 171 + -164?
c
In base 5, what is -234 + -1220?
-2004
In base 14, what is 4c7 + 8?
4d1
In base 9, what is 74 + -677?
-603
In base 13, what is -18c241 + 5?
-18c239
In base 4, what is -1101311 + 2302?
-1033003
In base 2, what is 110100101001001010 - 0?
110100101001001010
In base 15, what is -1eb4 - 80?
-2044
In base 10, what is 553572 - 3?
553569
In base 4, what is -12 + 1022030?
1022012
In base 5, what is 101201 + 0?
101201
In base 9, what is -20164 - 3?
-20167
In base 10, what is -237 + -832?
-1069
In base 14, what is -ad9b + 2b?
-ad70
In base 6, what is 20 + -20102?
-20042
In base 12, what is 2024 + a?
2032
In base 2, what is -1 - 110010001101100?
-110010001101101
In base 15, what is -463ae + 0?
-463ae
In base 16, what is -5 + ac3b?
ac36
In base 3, what is -11010110011 - -1?
-11010110010
In base 15, what is -c + -4e38?
-4e45
In base 9, what is -133130 - -33?
-133086
In base 8, what is 11 + 64065?
64076
In base 14, what is 167 + -41c?
-295
In base 12, what is 3792 - 4?
378a
In base 4, what is -2 - -10030122130?
10030122122
In base 6, what is 542153 - -5?
542202
In base 11, what is 12a09 + -1?
12a08
In base 13, what is 3 - 100c2?
-100bc
In base 7, what is 4025 + -23?
4002
In base 14, what is -30513 + 1?
-30512
In base 3, what is -10001122 - -1010?
-10000112
In base 2, what is -1000110100 - -100100?
-1000010000
In base 11, what is 10 + -605?
-5a5
In base 16, what is -4 - -15b?
157
In base 8, what is -26246 + -2?
-26250
In base 14, what is -36 - 307b?
-30b3
In base 5, what is -10 + 1431340?
1431330
In base 7, what is -1160 + 26?
-1131
In base 7, what is 30306 - -56?
30365
In base 7, what is 2301 + -11?
2260
In base 7, what is -235 - 622?
-1160
In base 15, what is -1 + -18c4?
-18c5
In base 16, what is -4e6353 + -1?
-4e6354
In base 11, what is -61a500 - 3?
-61a503
In base 8, what is 5 + -63766?
-63761
In base 10, what is -17 - 2002?
-2019
In base 14, what is -186d - -18?
-1855
In base 15, what is 333a - 4?
3336
In base 15, what is -4 + -2ccd?
-2cd2
In base 4, what is 322 + 323?
1311
In base 7, what is 3 + 146333?
146336
In base 5, what is 10210044 + 11?
10210110
In base 10, what is 4 + 3111?
3115
In base 9, what is 1286 + -57?
1228
In base 9, what is 1027 + -5?
1022
In base 10, what is 1136 + 32?
1168
In base 2, what is -100000111101 + -11101?
-100001011010
In base 12, what is 116ba9 + 4?
116bb1
In base 15, what is 44e82d + 1?
44e82e
In base 3, what is 1110 + -22020201122?
-22020200012
In base 8, what is 3077 - -143?
3242
In base 5, what is 2 - 241310?
-241303
In base 11, what is a65838 + 0?
a65838
In base 2, what is -1111 - -100011111110?
100011101111
In base 9, what is 0 - -325853?
325853
In base 6, what is -143444 - -23?
-143421
In base 5, what is -2420443 - -1?
-2420442
In base 14, what is 5c + -6d94?
-6d36
In base 13, what is 145 + 20a3?
2218
In base 2, what is 1100111 - -101111100000?
110001000111
In base 6, what is 54201 + 153?
54354
In base 11, what is 3059 + -13?
3046
In base 16, what is -1 + -a6b3?
-a6b4
In base 10, what is 85 + 2698?
2783
In base 6, what is -2144241 - 3?
-2144244
In base 15, what is 0 + -70d?
-70d
In base 14, what is c + -40c43?
-40c35
In base 2, what is -10 - -11010110110000?
11010110101110
In base 4, what is -320 - -23133?
22213
In base 14, what is 367 + 2?
369
In base 6, what is -32312 - -1?
-32311
In base 16, what is 1353ee + 2?
1353f0
In base 3, what is -21210 - -11101022?
11002112
In base 4, what is -1231 - -3113?
1222
In base 9, what is 5 - 16213?
-16207
In base 7, what is -222 + 422?
200
In base 9, what is 325470 + -5?
325464
In base 5, what is -1020022 + -1013?
-1021040
In base 4, what is -3210 - 2202?
-12012
In base 6, what is 23223 + -45?
23134
In base 12, what is -201831 + -2?
-201833
In base 5, what is -130400 - -1222?
-124123
In base 14, what is 16ca9 + -6?
16ca3
In base 8, what is 6 - 31424?
-31416
In base 11, what is a0 - -4069?
4159
In base 13, what is 182a + 6c?
1899
In base 7, what is -266 + 553?
254
In base 11, what is -795417 + 1?
-795416
In base 8, what is -3210 - 631?
-4041
In base 16, what is -2c3d + 21?
-2c1c
In base 11, what is -5 + 34644?
3463a
In base 7, what is 252 + -321?
-36
In base 14, what is -9aa16 + -5?
-9aa1b
In base 14, what is b - -85a3?
85b0
In base 4, what is -11 + -2013312021?
-2013312032
In base 11, what is 1 - -53455a?
534560
In base 9, what is 5 + -26155?
-26150
In base 9, what is -2303046 + 2?
-2303044
In base 11, what is -19305 + -7?
-19311
In base 8, what is 276 + 32756?
33254
In base 3, what is 1 + 1021001011?
1021001012
In base 6, what is -51 - -23122?
